
497
What is the remainder when 12782 is divided by 73?
7
Calculate the remainder when 522116 is divided by 80.
36
Calculate the remainder when 15221 is divided by 830.
281
What is the remainder when 6204 is divided by 1235?
29
Calculate the remainder when 458 is divided by 367.
91
What is the remainder when 3936 is divided by 245?
16
Calculate the remainder when 105369 is divided by 59.
54
Calculate the remainder when 195198 is divided by 17745.
3
Calculate the remainder when 189650 is divided by 11.
10
Calculate the remainder when 5205 is divided by 149.
139
What is the remainder when 5035 is divided by 614?
123
Calculate the remainder when 1721 is divided by 1554.
167
What is the remainder when 125231 is divided by 47?
23
What is the remainder when 23077 is divided by 187?
76
What is the remainder when 7265 is divided by 3543?
179
What is the remainder when 846825 is divided by 6?
3
What is the remainder when 22020 is divided by 533?
167
Calculate the remainder when 534895 is divided by 103.
16
What is the remainder when 50167 is divided by 16708?
43
Calculate the remainder when 1124756 is divided by 280.
276
Calculate the remainder when 153 is divided by 64.
25
Calculate the remainder when 2382 is divided by 1344.
1038
What is the remainder when 1407256 is divided by 20?
16
Calculate the remainder when 9817 is divided by 9792.
25
Calculate the remainder when 2449 is divided by 266.
55
Calculate the remainder when 2730 is divided by 86.
64
Calculate the remainder when 20200 is divided by 505.
0
What is the remainder when 447375 is divided by 287?
229
What is the remainder when 17338 is divided by 199?
25
What is the remainder when 20126 is divided by 41?
36
Calculate the remainder when 45961 is divided by 2872.
9
Calculate the remainder when 117395 is divided by 164.
135
What is the remainder when 63312 is divided by 93?
72
Calculate the remainder when 13402 is divided by 130.
12
What is the remainder when 2444 is divided by 383?
146
Calculate the remainder when 10563 is divided by 11.
3
Calculate the remainder when 16341 is divided by 2674.
297
Calculate the remainder when 390476 is divided by 15619.
1
What is the remainder when 370290 is divided by 322?
312
Calculate the remainder when 6092 is divided by 65.
47
Calculate the remainder when 309839 is divided by 221.
218
What is the remainder when 11408 is divided by 1394?
256
Calculate the remainder when 268641 is divided by 38376.
9
Calculate the remainder when 17507 is divided by 2.
1
What is the remainder when 1836 is divided by 35?
16
What is the remainder when 2141 is divided by 352?
29
What is the remainder when 7162 is divided by 1389?
217
What is the remainder when 12649 is divided by 193?
104
What is the remainder when 9970 is divided by 137?
106
What is the remainder when 10499 is divided by 1494?
41
What is the remainder when 21839 is divided by 576?
527
Calculate the remainder when 352734 is divided by 988.
18
Calculate the remainder when 385 is divided by 358.
27
What is the remainder when 1564 is divided by 4?
0
What is the remainder when 21682 is divided by 556?
554
What is the remainder when 7066 is divided by 782?
28
What is the remainder when 35058 is divided by 260?
218
What is the remainder when 28650 is divided by 2851?
140
Calculate the remainder when 110542 is divided by 604.
10
What is the remainder when 6587 is divided by 539?
119
Calculate the remainder when 8713 is divided by 116.
13
Calculate the remainder when 25236 is divided by 156.
120
What is the remainder when 31866 is divided by 126?
114
Calculate the remainder when 37714 is divided by 18855.
4
Calculate the remainder when 3596 is divided by 543.
338
Calculate the remainder when 17233 is divided by 176.
161
Calculate the remainder when 24968 is divided by 12474.
20
What is the remainder when 15707 is divided by 476?
475
Calculate the remainder when 1864366 is divided by 88.
86
Calculate the remainder when 667 is divided by 458.
209
What is the remainder when 907 is divided by 445?
17
What is the remainder when 1022715 is divided by 138?
135
What is the remainder when 46627 is divided by 116?
111
What is the remainder when 2997 is divided by 1297?
403
What is the remainder when 422 is divided by 193?
36
Calculate the remainder when 4270 is divided by 315.
175
What is the remainder when 8551 is divided by 55?
26
Calculate the remainder when 14982 is divided by 3744.
6
What is the remainder when 2734315 is divided by 1367157?
1
Calculate the remainder when 2792 is divided by 155.
2
What is the remainder when 1805 is divided by 131?
102
Calculate the remainder when 5681 is divided by 5403.
278
Calculate the remainder when 2277 is divided by 82.
63
What is the remainder when 107329 is divided by 238?
229
Calculate the remainder when 42334 is divided by 21161.
12
What is the remainder when 517053 is divided by 595?
593
Calculate the remainder when 12205 is divided by 5985.
235
What is the remainder when 26886 is divided by 25?
11
What is the remainder when 31577 is divided by 426?
53
Calculate the remainder when 125320 is divided by 520.
0
What is the remainder when 560 is divided by 23?
8
What is the remainder when 1468637 is divided by 131?
127
What is the remainder when 1268 is divided by 141?
140
Calculate the remainder when 9136 is divided by 228.
16
Calculate the remainder when 1784 is divided by 55.
24
Calculate the remainder when 2211637 is divided by 20.
17
What is the remainder when 8656 is divided by 103?
4
What is the remainder when 12581 is divided by 143?
140
Calculate the remainder when 34355 is divided by 15.
5
What is the remainder when 3700 is divided by 206?
198
What is the remainder when 12638 is divided by 4198?
44
What is the remainder when 4157 is divided by 799?
162
What is the remainder when 3338 is divided by 555?
8
Calculate the remainder when 3616 is divided by 358.
36
What is the remainder when 619 is divided by 73?
35
Calculate the remainder when 3358 is divided by 669.
13
Calculate the remainder when 7657 is divided by 92.
21
Calculate the remainder when 139840 is divided by 369.
358
What is the remainder when 261377 is divided by 130683?
11
What is the remainder when 19909 is divided by 10?
9
What is the remainder when 9385 is divided by 268?
5
Calculate the remainder when 2154 is divided by 12.
6
What is the remainder when 47737 is divided by 1?
0
What is the remainder when 1102 is divided by 51?
31
Calculate the remainder when 115098 is divided by 47.
42
Calculate the remainder when 3071 is divided by 1041.
989
What is the remainder when 43445 is divided by 1211?
1060
What is the remainder when 12468 is divided by 12457?
11
What is the remainder when 500148 is divided by 229?
12
Calculate the remainder when 1010 is divided by 302.
104
Calculate the remainder when 11376 is divided by 240.
96
Calculate the remainder when 67679 is divided by 15.
14
What is the remainder when 65601 is divided by 22?
19
Calculate the remainder when 1224 is divided by 28.
20
Calculate the remainder when 51637 is divided by 76.
33
Calculate the remainder when 1479 is divided by 660.
159
What is the remainder when 9335 is divided by 105?
95
What is the remainder when 11648 is divided by 1066?
988
What is the remainder when 29807 is divided by 352?
239
Calculate the remainder when 22105 is divided by 11.
6
What is the remainder when 233822 is divided by 116906?
10
What is the remainder when 1453034 is divided by 484341?
11
What is the remainder when 252729 is divided by 176?
169
What is the remainder when 8520383 is divided by 64?
63
Calculate the remainder when 32527 is divided by 1204.
19
Calculate the remainder when 25856 is divided by 539.
523
What is the remainder when 11336 is divided by 162?
158
What is the remainder when 732074 is divided by 727?
712
Calculate the remainder when 28657 is divided by 46.
45
Calculate the remainder when 372462 is divided by 13.
12
What is the remainder when 38073 is divided by 4230?
3
What is the remainder when 9745 is divided by 4788?
169
Calculate the remainder when 9943 is divided by 3300.
43
What is the remainder when 7679 is divided by 386?
345
What is the remainder when 10618 is divided by 29?
4
Calculate the remainder when 15428 is divided by 1533.
98
W